igit of 236127?
6
What is the hundred thousands digit of 7645904?
6
What is the ten thousands digit of 27038832?
3
What is the tens digit of 10977237?
3
What is the millions digit of 1221713?
1
What is the thousands digit of 329542?
9
What is the ten thousands digit of 1989726?
8
What is the units digit of 370250?
0
What is the thousands digit of 3132910?
2
What is the tens digit of 844544?
4
What is the hundreds digit of 1019236?
2
What is the ten thousands digit of 8451299?
5
What is the hundred thousands digit of 4797888?
7
What is the ten thousands digit of 378061?
7
What is the thousands digit of 93335?
3
What is the ten millions digit of 10329856?
1
What is the units digit of 271397?
7
What is the hundred thousands digit of 556697?
5
What is the hundred thousands digit of 2083535?
0
What is the ten thousands digit of 5793186?
9
What is the units digit of 4243920?
0
What is the thousands digit of 1787175?
7
What is the units digit of 198614?
4
What is the units digit of 475494?
4
What is the hundred thousands digit of 5977207?
9
What is the tens digit of 342107?
0
What is the ten millions digit of 34530832?
3
What is the hundred thousands digit of 4253433?
2
What is the tens digit of 615770?
7
What is the ten millions digit of 30641189?
3
What is the hundreds digit of 271895?
8
What is the ten thousands digit of 387525?
8
What is the tens digit of 235783?
8
What is the units digit of 430800?
0
What is the hundred thousands digit of 477572?
4
What is the thousands digit of 1203984?
3
What is the units digit of 998282?
2
What is the hundreds digit of 2692323?
3
What is the tens digit of 164257?
5
What is the tens digit of 182125?
2
What is the hundreds digit of 1374591?
5
What is the thousands digit of 654982?
4
What is the ten thousands digit of 43959?
4
What is the units digit of 232384?
4
What is the hundred thousands digit of 220617?
2
What is the millions digit of 12847106?
2
What is the hundreds digit of 124077?
0
What is the ten thousands digit of 202571?
0
What is the units digit of 2856221?
1
What is the hundreds digit of 588937?
9
What is the ten thousands digit of 315788?
1
What is the hundred thousands digit of 8244995?
2
What is the tens digit of 334348?
4
What is the ten thousands digit of 19502520?
0
What is the millions digit of 36888299?
6
What is the hundred thousands digit of 2209512?
2
What is the hundred thousands digit of 8508306?
5
What is the hundreds digit of 465334?
3
What is the units digit of 1344150?
0
What is the hundreds digit of 12751979?
9
What is the tens digit of 1113511?
1
What is the ten thousands digit of 5579845?
7
What is the thousands digit of 236049?
6
What is the hundred thousands digit of 7947528?
9
What is the tens digit of 1145157?
5
What is the ten thousands digit of 762173?
6
What is the thousands digit of 938345?
8
What is the ten thousands digit of 996637?
9
What is the millions digit of 22112423?
2
What is the thousands digit of 12352574?
2
What is the tens digit of 3773666?
6
What is the tens digit of 136711?
1
What is the units digit of 2171524?
4
What is the tens digit of 241207?
0
What is the units digit of 143343?
3
What is the millions digit of 1019100?
1
What is the hundreds digit of 215404?
4
What is the units digit of 20694248?
8
What is the units digit of 1430624?
4
What is the hundreds digit of 8064236?
2
What is the thousands digit of 10021470?
1
What is the units digit of 343239?
9
What is the millions digit of 2460126?
2
What is the tens digit of 835712?
1
What is the thousands digit of 676140?
6
What is the hundred thousands digit of 421925?
4
What is the ten thousands digit of 2063014?
6
What is the ten thousands digit of 259949?
5
What is the ten thousands digit of 681836?
8
What is the hundred thousands digit of 12293365?
2
What is the ten thousands digit of 560111?
6
What is the units digit of 177080?
0
What is the ten thousands digit of 176601?
7
What is the millions digit of 1009745?
1
What is the units digit of 147861?
1
What is the hundreds digit of 817422?
4
What is the hundreds digit of 345746?
7
What is the units digit of 355736?
6
What is the hundred thousands digit of 16614036?
6
What is the ten thousands digit of 3684913?
8
What is the thousands digit of 926709?
6
What is the units digit of 1904560?
0
What is the hundreds digit of 1252852?
8
What is the units digit of 129183?
3
What is the hundred thousands digit of 209743?
2
What is the hundred thousands digit of 2955613?
9
What is the ten thousands digit of 608473?
0
What is the hundreds digit of 23457798?
7
What is the thousands digit of 4388922?
8
What is the tens digit of 119604?
0
What is the thousands digit of 11896005?
6
What is the tens digit of 2258843?
4
What is the units digit of 19575643?
3
What is the hundreds digit of 11052611?
6
What is the hundred thousands digit of 838283?
8
What is the tens digit of 456376?
7
What is the hundred thousands digit of 460593?
4
What is the hundred thousands digit of 412873?
4
What is the thousands digit of 238173?
8
What is the hundreds digit of 35061?
0
What is the ten thousands digit of 514093?
1
What is the hundred thousands digit of 2584968?
5
What is the hundreds digit of 955366?
3
What is the millions digit of 28167983?
8
What is the thousands digit of 129181?
9
What is the tens digit of 2361412?
1
What is the ten thousands digit of 1966814?
6
What is the thousands digit of 2966998?
6
What is the thousands digit of 12589092?
9
What is the hundred thousands digit of 11546047?
5
What is the tens digit of 792517?
1
What is the thousands digit of 78381?
8
What is the ten thousands digit of 130045?
3
What is the millions digit of 11688639?
1
What is the millions digit of 4094660?
4
What is the units digit of 21448418?
8
What is the hundred thousands digit of 142044?
1
What is the hundred thousands digit of 470959?
4
What is the hundred thousands digit of 3177333?
1
What is the hundred thousands digit of 278841?
2
What is the hundred thousands digit of 240925?
2
What is the hundreds digit of 4554101?
1
What is the units digit of 260811?
1
What is the ten thousands digit of 502751?
0
What is the units digit of 391778?
8
What is the thousands digit of 937326?
7
What is the units digit of 628266?
6
What is the millions digit of 7668465?
7
What is the units digit of 230175?
5
What is the thousands digit of 18048?
8
What is the hundred thousands digit of 4466645?
4
What is the hundreds digit of 21295782?
7
What is the tens digit of 107245?
4
What is the hundreds digit of 1808?
8
What is the units digit of 11970573?
3
What is the thousands digit of 3265809?
5
What is the hundred thousands digit of 1012827?
0
What is the ten thousands digit of 155694?
5
What is the ten thousands digit of 3361086?
6
What is the hundreds digit of 12639504?
5
What is the thousands digit of 180013?
0
What is the hundreds digit of 2123782?
7
What is the hundred thousands digit of 4447234?
4
What is the units digit of 278195?
5
What is the thousands digit of 105076?
5
What is the units digit of 52993?
3
What is the tens digit of 2050916?
1
What is the units digit of 160343?
3
What is the hundreds digit of 13756179?
1
What is the thousands digit of 187089?
7
What is the thousands digit of 444617?
4
What is the thousands digit of 805645?
5
What is the thousands digit of 3607603?
7
What is the thousands digit of 2597416?
7
What is the ten thousands digit of 216890?
1
What is the millions digit of 6252386?
6
What is the units digit of 6142596?
6
What is the tens digit of 21230646?
4
What is the tens digit of 385493?
9
What is the thousands digit of 385659?
5
What is the ten millions digit of 18978736?
1
What is the hundreds digit of 46493?
4
What is the hundred thousands digit of 3915908?
9
What is the ten thousands digit of 7114446?
1
What is the ten millions digit of 20341493?
2
What is the units digit of 16509546?
6
What is the millions digit of 4658390?
4
What is the hundred thousands digit of 179142?
1
What is the ten thousands digit of 5784457?
8
What is the tens digit of 6798736?
3
What is the thousands digit of 699019?
9
What is the millions digit of 1554808?
1
What is the hundreds digit of 1053203?
2
What is the ten thousands digit of 77598?
7
What is the thousands digit of 275585?
5